390019 prime?
True
Is 26841179 a prime number?
True
Is 389955131 a prime number?
False
Is 7736189 prime?
True
Is 29922953 prime?
True
Is 2232805 a composite number?
True
Is 313507 a prime number?
True
Is 14699057 composite?
False
Is 47897431 prime?
False
Is 65244939 a composite number?
True
Is 2460199 a prime number?
False
Is 53740481 a composite number?
False
Is 32258971 a prime number?
False
Is 35467307 a composite number?
False
Is 98338909 composite?
True
Is 4910353 prime?
False
Is 18272159 a prime number?
True
Is 112972669 a prime number?
False
Is 15737741 prime?
False
Is 2407237 prime?
False
Is 7670861 prime?
False
Is 27493957 composite?
False
Is 4879609 a composite number?
True
Is 35814965 a composite number?
True
Is 917573 composite?
False
Is 245658893 prime?
True
Is 7114039 a composite number?
False
Is 28510357 a composite number?
True
Is 9892499 composite?
False
Is 19672739 prime?
False
Is 49563323 a prime number?
True
Is 13255771 a prime number?
False
Is 529901 composite?
True
Is 24305279 composite?
False
Is 8260223 composite?
False
Is 71638639 prime?
True
Is 231257321 prime?
True
Is 1131787 composite?
False
Is 4283221 prime?
False
Is 20672843 composite?
False
Is 146927987 composite?
False
Is 151618991 prime?
True
Is 128649083 prime?
False
Is 146547823 a prime number?
True
Is 1808669 composite?
False
Is 13017913 a prime number?
False
Is 1020361 composite?
False
Is 5129497 composite?
True
Is 1330207 composite?
False
Is 501977995 composite?
True
Is 2276201 a composite number?
False
Is 221800583 a prime number?
False
Is 626317 a composite number?
False
Is 1298719 a composite number?
False
Is 137084027 composite?
False
Is 7979861 composite?
True
Is 18743 composite?
False
Is 13725977 a prime number?
True
Is 63214313 prime?
False
Is 7832093 composite?
False
Is 211999799 a composite number?
True
Is 82719907 a prime number?
True
Is 109917611 prime?
False
Is 66087953 composite?
False
Is 11108971 a prime number?
True
Is 156186253 prime?
True
Is 10212473 a prime number?
False
Is 12346799 composite?
True
Is 264632099 a prime number?
True
Is 10001119 prime?
True
Is 27015953 prime?
True
Is 825449 composite?
True
Is 217596971 prime?
False
Is 52543581 prime?
False
Is 248767 prime?
False
Is 947455673 a composite number?
False
Is 966733 a prime number?
False
Is 6530581 a composite number?
False
Is 253818391 a prime number?
True
Is 277038709 a composite number?
False
Is 33207721 prime?
False
Is 160725379 composite?
True
Is 29764213 prime?
False
Is 38260709 a composite number?
False
Is 320689793 prime?
True
Is 15241813 prime?
True
Is 141942478 a composite number?
True
Is 964967 a prime number?
True
Is 132129293 prime?
False
Is 45132137 a prime number?
True
Is 5547539 composite?
True
Is 462401 a composite number?
False
Is 1663421 a prime number?
False
Is 1006261 a composite number?
True
Is 4946341 composite?
False
Is 5823859 a composite number?
False
Is 1622471 a prime number?
True
Is 456949 prime?
True
Is 3625178 prime?
False
Is 1636573 a composite number?
True
Is 383202147 a composite number?
True
Is 2906691 prime?
False
Is 11624177 a composite number?
True
Is 109886155 a prime number?
False
Is 9430829 a composite number?
True
Is 401171417 composite?
False
Is 300773063 prime?
True
Is 249758881 composite?
True
Is 363498689 composite?
False
Is 3620231 a prime number?
True
Is 10723151 a prime number?
False
Is 3182891 a composite number?
True
Is 101213311 a prime number?
True
Is 1299143 a composite number?
False
Is 224728247 a prime number?
True
Is 7206503 a composite number?
True
Is 537263 a prime number?
False
Is 1754743009 composite?
True
Is 16407551 composite?
True
Is 44483867 prime?
True
Is 9764393 a prime number?
True
Is 4603163 composite?
True
Is 303223387 prime?
False
Is 392290843 a prime number?
False
Is 1728163 a prime number?
True
Is 18479231 composite?
False
Is 589153 a prime number?
False
Is 16006597 composite?
True
Is 6140461 prime?
True
Is 1578607 composite?
False
Is 8972753 a prime number?
False
Is 42815203 prime?
True
Is 132059 composite?
False
Is 12615083 a prime number?
False
Is 6581959 a prime number?
True
Is 149537345 a composite number?
True
Is 93047 composite?
False
Is 50883619 a composite number?
True
Is 10700461 a composite number?
True
Is 15108823 composite?
True
Is 35798017 composite?
False
Is 413207 composite?
False
Is 83210653 prime?
True
Is 6378487 a prime number?
True
Is 158699 a prime number?
True
Is 34009621 composite?
False
Is 768622157 prime?
True
Is 88937782 a composite number?
True
Is 500524069 a composite number?
False
Is 6803011 composite?
False
Is 15321041 a prime number?
True
Is 23811239 a composite number?
True
Is 1134421 composite?
False
Is 1044868763 composite?
False
Is 107507 a prime number?
True
Is 8586067 a prime number?
False
Is 2520767 composite?
True
Is 32298053 a prime number?
True
Is 1305653 prime?
True
Is 49955131 composite?
False
Is 482152481 a prime number?
True
Is 47933 composite?
False
Is 7064143 prime?
False
Is 7189151 a composite number?
False
Is 38891063 composite?
False
Is 432676763 a prime number?
False
Is 254368083 prime?
False
Is 7196701 a prime number?
True
Is 102973961 a composite number?
True
Is 21299641 a composite number?
True
Is 125536811 a composite number?
False
Is 89454017 a prime number?
False
Is 11646763 a composite number?
True
Is 22188833 composite?
False
Is 20884649 composite?
False
Is 80943 a composite number?
True
Is 3424201 a composite number?
True
Is 494579 composite?
True
Is 216330811 a prime number?
True
Is 789006503 prime?
True
Is 4293937 a composite number?
True
Is 968761 composite?
False
Is 31491143 a prime number?
True
Is 432959 prime?
True
Is 41007163 composite?
False
Is 2495321 composite?
False
Is 5271601 prime?
False
Is 62875229 prime?
True
Is 1262694691 a composite number?
False
Is 18061987 composite?
False
Is 9042877 a prime number?
True
Is 2305271 a composite number?
False
Is 1597989 a prime number?
False
Is 4266013 composite?
True
Is 10650547 prime?
False
Is 38965799 composite?
True
Is 16152697 a composite number?
True
Is 4732837 a prime number?
True
Is 68678917 composite?
True
Is 25235894 composite?
True
Is 45551881 a prime number?
True
Is 532704593 a prime number?
False
Is 25886594 composite?
True
Is 3982613 composite?
True
Is 112704799 a composite number?
False
Is 70881049 prime?
True
Is 9084857 a prime number?
True
Is 531977 prime?
True
Is 27791611 composite?
True
Is 47851757 composite?
False
Is 232002631 a prime number?
False
Is 7162523 composite?
False
Is 150717431 a composite number?
False
Is 7499729 a prime number?
True
Is 25879479 composite?
True
Is 27859007 composite?
True
Is 1264378 composite?
True
Is 378871217 a composite number?
True
Is 189197 a prime number?
False
Is 72968363 a composite number?
True
Is 210277 a composite number?
False
Is 365111 composite?
True
Is 1894757 a composite number?
False
Is 18885397 a composite number?
True
Is 12028249 a composite number?
False
Is 726983 prime?
True
Is 632415809 prime?
True
Is 4417579 prime?
False
Is 34252937 prime?
True
Is 117110099 a composite number?
False
Is 3684151 a composite number?
False
Is 9299881 prime?
False
Is 35063701 prime?
True
Is 192883 prime?
True
Is 39342803 a composite number?
True
Is 173224103 a prime number?
False
Is 85664153 a composite number?
True
Is 151998229 composite?
False
Is 109230197 prime?
False
Is 8013727 prime?
True
Is 2454407 a prime number?
True
Is 61017031 a prime number?
True
Is 308908907 prime?
True
Is 51492491 composite?
False
Is 3403237 a prime number?
False
Is 304214522 prime?
False
Is 170667355 prime?
False
Is 18414139 composite?
False
Is 43281489 prime?
False
Is 5849401 composite?
False
Is 6007043 a composite number?
True
Is 43037707 a prime number?
True
Is 254512949 a prime number?
True
Is 5232791 composite?
True
Is 3696643 composite?
False
Is 281053 composite?
False
Is 14688059 a prime number?
True
Is 487801 prime?
False
Is 104785397 prime?
False
Is 4594277 a composite number?
False
Is 499088429 a prime number?
False
Is 26627747 a prime number?
True
Is 19297547 prime?
True
Is 5403677 a composite number?
True
Is 238961413 a prime number?
True
Is 6191677 prime?
True
Is 5157847 prime?
True
Is 1968069 a prime number?
False
Is 1451641 composite?
False
Is 1428495